 + 17*q**4/12 - 22*q**3/3 - 5*q**2 - 10*q. What is the tens digit of i(-19)?
0
Let i(x) = 398*x + 761. What is the thousands digit of i(9)?
4
Suppose 4*z - 237 = -3*t, -2*z - t + 116 = t. Let k be (-8)/(-3)*138/4. Let r = k - z. What is the tens digit of r?
2
Let c(j) = j**3 - 48*j - 13. What is the hundreds digit of c(15)?
6
Let b be (2 - -1)*(-120)/36. What is the units digit of 2*(-3 + (-245)/b)?
3
Let l = 5 + -26. Suppose -5*u = 14 - 9. What is the units digit of l/2*(-3 - u)?
1
Suppose -1818 = -6*r + 3*r - 3*z, 4*r - z - 2439 = 0. What is the tens digit of r?
0
Let c = -12 + 17. Let p(r) = c*r + 3 + 4 - 5. What is the units digit of p(1)?
7
Suppose -2*d + 41 = -19. What is the tens digit of d/8*(-40)/(-15)?
1
What is the units digit of (-5)/(-1) + (19 - -584)?
8
Let u = -46 + 49. Suppose -5*z + 3*q = -400, u*z + q - 249 = -9. What is the tens digit of z?
8
Let f(p) = -554*p + 12. What is the hundreds digit of f(-1)?
5
Let x = -730 + 2117. What is the tens digit of x?
8
Let m = 725 + -9. What is the units digit of m?
6
Let h = 20 + -9. Suppose -x - 2*x + 4*k = h, 4 = -2*x + 2*k. Suppose -2 = -d, -x*n - 2*d + 14 = -n. What is the units digit of n?
5
Let m(i) = i**2 - i + 629. Let z be m(0). Suppose -6*t + 613 = -z. Suppose -y + j = -53, -6*j - t = -4*y - j. What is the tens digit of y?
5
Let z(n) = -n**3 - n**2 + 3*n + 2. Let s be z(-3). Suppose 28 = 8*y - 68. Let m = y - s. What is the units digit of m?
1
What is the tens digit of 42/147*((3 - 4) + 50)?
1
Suppose -3*j + l - 410 = 0, 2*j - 4*l = -0*l - 260. Let m = j - -204. What is the units digit of m?
6
Suppose 5*j + 10 = -2*a, -5*a + 3*j - 1 - 24 = 0. What is the tens digit of 0 + a + 3 - -27?
2
What is the hundreds digit of 2/31 + 2038890/3534?
5
Let b = 3338 + -1475. What is the thousands digit of b?
1
Let d(p) = p - 4. Let z be 6 + -1 + -3 + 2. Let g be d(z). What is the units digit of 10/1 + (g - -3)?
3
Let k = 2 - -7. What is the units digit of (k/12)/(15/80)?
4
Let y(o) = 3 + 2 + 5*o - 8*o. Let w be y(9). Let b = w + 64. What is the tens digit of b?
4
Let v(j) = -j. Let k be v(0). Suppose k = -3*c + 15 + 225. Let l = c + -49. What is the units digit of l?
1
Suppose -d + v + 77 = 0, -2*d + 6*d - 2*v - 314 = 0. Let u = 38 + d. What is the tens digit of u?
1
What is the hundreds digit of -4 + (-6)/(36/(-1122))?
1
What is the tens digit of (-9 - -1) + (-852)/(-1)?
4
Let p(f) = -82*f**3 + 4*f**2 + 17*f - 21. What is the thousands digit of p(-4)?
5
Let y be (-56)/(-20) + (-16)/20. Let r = y - -6. What is the units digit of r?
8
Suppose 3*g = -4*f + 7, -f + 0*f - 50 = -5*g. Let r(b) = 6 - g*b - 2 - 3 - 5*b**2 + b**3 - b. What is the tens digit of r(7)?
2
Suppose 5*g + 215 = 850. What is the units digit of g?
7
Suppose -3*m = -2*g + 5, -3*m - 2*m = -4*g + 13. What is the hundreds digit of ((-228)/(-14))/(1/g)?
1
Let v = -1390 + 3174. What is the hundreds digit of v?
7
Let p(l) = l**3 + 3*l**2 - 7*l - 6. Let x be p(-4). Suppose z + z = x. Suppose -2*c - z = -3*c - q, -4*q - 12 = c. What is the units digit of c?
8
What is the units digit of 2/8 - (-1022717)/844?
2
Suppose -4*j = 3*v - 461, 6*j - v = 5*j + 117. What is the units digit of j?
6
Suppose -14*w + 6639 = 2*l - 17*w, l - 4*w - 3312 = 0. What is the units digit of l?
4
Let s(u) = 2460*u**2 - 3*u - 3. What is the hundreds digit of s(1)?
4
Let g be (-3)/2*(-400)/(-12). Let d = g - -70. Suppose 5*n + d = 165. What is the tens digit of n?
2
Let x be 12/60 - 58/(-10). Suppose 5*n - f = x + 34, 3*f = -15. Suppose -n*p + 46 = -5*p. What is the units digit of p?
3
Let g(u) = 6*u**3 - 2. Let y = -12 - -14. Let l be g(y). Let z = -25 + l. What is the units digit of z?
1
Suppose -2*f - 68 = -4*g, -5*g - f - 5 + 83 = 0. Suppose -4*v - m - g + 807 = 0, -3*v + 589 = 5*m. What is the units digit of v?
8
Suppose -2*t - 45 = -4*l + 7, l + 119 = -5*t. Let b be t/60*(-380)/2. Suppose 4*p - d = -120 + 359, 3*d - b = -p. What is the units digit of p?
1
Suppose 1945 + 7922 = 11*y. What is the units digit of y?
7
Suppose 3*h - 2*y = 2*y + 1905, -2*y = -h + 635. Suppose -14*a = -2917 + h. What is the tens digit of a?
6
Let h(i) = i**3 + 11*i**2 - 20*i - 15. Let n(j) = -3*j**2 - 13*j + 19. Let f be n(-6). What is the tens digit of h(f)?
0
Suppose -3*c = -0*c - 60. Suppose -14*m - 270 = -c*m. What is the tens digit of m?
4
Let p = -3 + 11. Let x = 9 - p. Suppose s = -x + 15. What is the units digit of s?
4
Let v be 16*(189/(-2))/7. Let q be 4/14 - v/(-21). What is the tens digit of (-5)/q + (-99)/(-2)?
5
Let x(h) = -15*h + 146. What is the units digit of x(-7)?
1
Let w(a) = -7*a**2 + 20*a + 20. Let z be w(-1). Let n be (-8)/5 - (-2)/(-5). What is the units digit of 60/35*z/n?
6
Let s(r) = r**3 + 10*r**2 + 5*r + 1. Suppose -1 = 5*t - 26. Suppose -5*k - 51 - t = 4*d, 4*d + 3*k = -48. What is the units digit of s(d)?
7
Suppose 2*r = -3*j + 16, 5*r = -6*j + j + 50. Suppose 0 = 5*b + r - 179. What is the units digit of b?
3
Let t = 75 - 189. Let a = -68 - t. What is the units digit of a?
6
Let y be (2 - 5) + (-15)/(-3). Suppose s = 4*b + 64, -s + 237 = y*s + 3*b. Suppose -p - s = -3*n, 4*n - 3*p + 46 = 139. What is the tens digit of n?
2
Let s = -92 + 118. What is the units digit of s?
6
Let o(w) = -4*w - 5 - 5 + 3 - w**3 + 6*w**2 + w. Let v be o(5). Suppose -25 = -l - v. What is the tens digit of l?
2
Suppose 2*u + 4*f - 8958 = 0, -f - 7407 - 1526 = -2*u. What is the tens digit of u?
6
Let b(o) = 3*o - 5. Let c(x) = 24 - 18*x - 18 + 24. Let p(u) = 34*b(u) + 6*c(u). What is the units digit of p(-6)?
6
Let v = 18 - 20. Let m = 7 - v. What is the units digit of m/(-2)*(-12)/9?
6
Suppose 0 = 16*l + 6301 - 26749. What is the tens digit of l?
7
Let w(o) = 5*o**2 + o**3 - 3*o**3 - o**2 + 4*o + 3 + 0*o**3. What is the units digit of w(-3)?
1
Let o be (-2)/(-5) + 36/10 + -18. Let q(t) = -11*t - 10. What is the tens digit of q(o)?
4
Let z(q) = -571*q - 26. What is the hundreds digit of z(-3)?
6
Let i = 6 + -6. Suppose i = 4*c + 6 + 46. Let u = 25 + c. What is the tens digit of u?
1
What is the hundreds digit of ((-6)/(-18))/((-2)/18) - -614?
6
Let u be (240/75)/((-2)/20). Let b(a) = -5*a**3 + a**2 + a + 2. Let v be b(-2). Let y = u + v. What is the units digit of y?
2
Let u be (-5964)/(-49) - 2/(-7). Suppose 5*r - u = 1038. What is the hundreds digit of r?
2
Let z = 107 - 41. Let q be (-34)/(-9) + (-4)/(-18). Suppose 36 = 3*h + 4*s - z, -2*h - q*s = -72. What is the tens digit of h?
3
Let w = 452 - 51. What is the hundreds digit of w?
4
What is the hundreds digit of ((-32)/28)/((-5)/455)?
1
What is the hundreds digit of -3*(10839/(-36) - (-2)/(-8))?
9
Let m(j) = 2*j**2 - 2*j + 38 + 3*j**2 - 37. What is the tens digit of m(2)?
1
Let y(i) = i**3 - 12*i**2 + 13*i - 27. Let h be y(11). What is the tens digit of (5 + 15)/h - -200?
9
Let w(f) = -137*f - 190. What is the units digit of w(-4)?
8
Let z be 0/(-3 + -1 + 6). Suppose 3*g + 106 = -w + 3*w, z = -w - 4*g + 42. What is the units digit of w?
0
Let n = 1258 - 421. What is the units digit of n?
7
Let r(w) = w**3 + 8*w**2 - 38*w. What is the units digit of r(-11)?
5
Let g be (0/1)/(-1*2). Suppose l = -3*n + 70, g = -4*l + n + 27 + 266. What is the tens digit of l?
7
What is the units digit of 7 + 0/(-2 + 5)?
7
Suppose -2 = -2*f + 2. Suppose 0 = v + 5, -2*k - v + f = -k. Let y = k + 5. What is the tens digit of y?
1
Suppose -4*t - 10449 = -5*u - t, 3*t = -5*u + 10461. Suppose 15*p - u = -66. What is the hundreds digit of p?
1
What is the units digit of -1506*(-2)/12*2?
2
Suppose 356*w = 362*w - 13686. What is the tens digit of w?
8
Suppose 0 - 46 = -4*s + b, -s + 3 = 4*b. Suppose -126 = -s*i + 2437. What is the tens digit of i?
3
Suppose 0 = -5*r + 10. Suppose 0 = -2*m - r*m - 2*p + 22, -3*p = -5*m. What is the tens digit of (2/m)/(6/477)?
5
What is the units digit of (1251 + -1)*23/46?
5
Suppose -20653 = 12*x - 157657. What is the units digit of ((-3)/(-2))/3 - x/(-98)?
7
Let x be (-2)/(-7) + (-5445)/(-77). Let g = x - 10. What is the tens digit of g?
6
Suppose -2*f + m - 184 = 0, 51 = -f + m - 39. What is the units digit of f/(-14) + 24/84?
7
Suppose 2*x = -4*k - 72, -2*k - 30 = -0*k - 2*x. Let n = 14 - -21. Let a = n + k. What is the tens digit of a?
1
Let i(c) be the third derivative of 7*c**4/12 + 5*c**3/6 + 11*c**2.